r when n(-37) is divided by 88?
62
Suppose 3*s + 1435 = 2*q + 2*q, 18*q + 2*s = 6380. What is the remainder when q is divided by 31?
14
Suppose -9*y + 3*f - 5*f = -166, -4*y = -f - 87. Calculate the remainder when 4639 is divided by y.
19
Calculate the remainder when (-9785)/(-55) + 1/11 is divided by 32.
18
Suppose -3*z + 45 = 5*l, 2*l = -0*z - 2*z + 22. Calculate the remainder when l is divided by -2 - (-2 + -6*(-1)/(-2)).
0
Suppose 3*a - 1576 = -2*l, 0 = -9*l + 5*l - 5*a + 3156. Suppose l = 12*w - 922. Suppose 3*x - 58 = x. Calculate the remainder when w is divided by x.
27
Suppose 4220 = -17*d + 37*d. What is the remainder when d is divided by 55?
46
Let d(u) = 24*u. Let q be d(3). Suppose x - 2*x + q = 0. What is the remainder when x is divided by 20?
12
Let x = 72 - 56. Suppose -343 = -x*u - 103. Calculate the remainder when 101 is divided by u.
11
Let d = -11 - 5. Let t = 24 + d. Suppose -1302 = 50*x - 92*x. What is the remainder when x is divided by t?
7
Suppose 2*r + 1792 = 48*g - 39*g, 5*r = 4*g - 780. Calculate the remainder when 805 is divided by g.
5
Let i(h) = -h - 12. Let d be i(-12). Suppose d = 3*o - 39 - 45. Let b = 31 - o. What is the remainder when 13 is divided by b?
1
Let c = 269 + -335. Calculate the remainder when (-42 - -19)/(2/c) is divided by 20.
19
Let i = 148 - 105. Let j(x) = -2*x**2 - 51*x + 61. Let y be j(-27). Calculate the remainder when i is divided by y/(-5) - (-7)/(28/48).
11
Suppose -380 = -14*t - 338. Let p be (-38)/(-6) - (-2)/(-6). Calculate the remainder when t is divided by p/4*(-4)/(-3).
1
Let b = -3783 + 4123. What is the remainder when b is divided by 95?
55
Let v(o) = o**2 - 14*o + 34. Calculate the remainder when (-3)/(((-1)/(-47))/(8 - 9)) is divided by v(15).
43
Suppose 157 = -183*r + 186*r - 5*u, -3*u = -5*r + 283. Calculate the remainder when 660 is divided by r.
11
Let m(l) be the second derivative of l**5/5 - l**4/4 + 7*l**3/6 - 2*l**2 + 9*l. Suppose -528 = -2*z - 4*z. What is the remainder when z is divided by m(2)?
28
Suppose 880 = 4*z - g, -3*z = 8*g - 10*g - 655. Calculate the remainder when 5082 is divided by z.
220
Let w = 341 + -530. Let h = -95 - w. Calculate the remainder when h is divided by 14.
10
Suppose 6 = -2*i + d - 0, -4*d = -i - 10. Let k be (5/i)/((-2)/36). Let h = -16 + k. Calculate the remainder when h is divided by 16.
13
Suppose 56*i + 103 = 2*r + 51*i, i = 2*r - 99. What is the remainder when r is divided by (-18)/12*-22 - 4?
20
Suppose -2*c - 3*j + 134 = -59, 3*c - 3*j = 312. Let s = c - 79. Calculate the remainder when s is divided by 12.
10
Let y(r) = 58*r - 4. Let l = 848 + -2229. Let t = l - -1439. What is the remainder when y(4) is divided by t?
54
Let u(q) = -102 - 104 - 2*q + 202. Let d be u(-19). Suppose 3*g = -22 + d. What is the remainder when 7 is divided by g?
3
Let b = -215 - -215. Suppose 4*k = 2*d - 68, -5*d - 3*k = -b*d - 183. What is the remainder when 103 is divided by d?
31
Calculate the remainder when 1723 is divided by ((-3112)/(-308) - 2/(-11))/((-8)/(-84)).
103
Suppose -96 = -4*v - 3*b + 19, 2*v - 5*b - 25 = 0. Suppose -56*q - 3500 = -61*q. Let p = q - 692. Calculate the remainder when v is divided by p.
1
What is the remainder when 1/2 - -2188*(-3)/(-24) is divided by 94?
86
Let a = -46 - -56. Suppose -7*q = a*q - 85. Calculate the remainder when 133 is divided by q.
3
Let v(d) = 6*d**3 + 6*d**2 - 11*d - 20. Let w be v(-5). Let s = w - -665. Calculate the remainder when s is divided by 37.
26
Let i be 2*(-652)/(-8)*(-4)/(-4). Let z = i - 150. What is the remainder when z is divided by 5?
3
Let r = -266 - -323. Suppose b = -b + v - 91, -88 = 2*b - 2*v. Let p = r + b. What is the remainder when 26 is divided by p?
6
Suppose 4*b = -106 - 18. Let z be -46*4/4 - 2. Let p = b - z. Calculate the remainder when p is divided by 6.
5
Let s(v) = -v - 4. Let z be s(-11). Let m(j) = j**3 - 5*j**2 - 9*j + 14. Suppose -w + 5*w = 68. What is the remainder when m(z) is divided by w?
15
Let q = 2363 + -2322. Calculate the remainder when 1556 is divided by q.
39
Suppose -843*y - 6 = -845*y + 2*p, -10 = 5*p. Calculate the remainder when 8 is divided by y.
0
Let f(t) = -t**3 + 7*t**2 + 6*t + 13. Let g be f(8). Let z be ((-5 - g) + 4)/(2/243). What is the remainder when 29 is divided by -6 + z/21 - 3/(-7)?
5
Calculate the remainder when (1932/(-36))/(3/(-18)) is divided by 89.
55
Let a(p) = p**2 - 52*p + 235. Let f be a(5). Suppose 155 = 5*v - b, f = -3*v + 5*v - 2*b - 54. Calculate the remainder when 253 is divided by v.
29
Let h be -1*(-20)/(-12)*72. Let u = h + 254. Calculate the remainder when u is divided by 15.
14
Let u(j) = j**3 - j + 3. Let g = 713 + -713. Suppose -23*h + 366 + 2095 = g. Calculate the remainder when h is divided by u(3).
26
Suppose 2*p + 24 = 14. Let q(j) = -13*j + 3. Let r be q(p). Let s = -47 + r. Calculate the remainder when s is divided by 4.
1
Suppose 0 = 2*g - 3*r - 503 + 139, 5*r - 10 = 0. What is the remainder when g is divided by 118?
67
What is the remainder when 6054 is divided by ((-16)/(-40))/(-7 - -12 - (-37723)/(-7545))?
18
Let m(n) = -2 - 10 + 2 - 12 - 13*n. Let d be m(2). Let f = d - -53. What is the remainder when 14 is divided by f?
4
Suppose 18*l = -21 + 8571. What is the remainder when l is divided by 69?
61
Let i(q) = 19*q**2 - q - 2. Suppose 4 = l - 5*l. Let v(b) = 50*b**2 - 3*b - 2. What is the remainder when v(-1) is divided by i(l)?
15
Suppose -x = -2*x + 15. What is the remainder when 1*-6*4/(-48)*-18 - -31 is divided by x?
7
Let b = 1269 - 1197. Calculate the remainder when 288 is divided by b.
0
Let o = 1118 - 1102. What is the remainder when 4508 is divided by o?
12
Suppose -133*o + 18 = -132*o. What is the remainder when 140 is divided by 2125/45 + (-2)/o*2?
46
Suppose -29*t + 2512 = -2563. Suppose t*a - 177*a = -36. What is the remainder when 69 is divided by a?
15
Suppose 2*h + 4 = -4*d, 5*h + 11 = h - 5*d. Calculate the remainder when 158 - (h - (5/(-5) + -8)) is divided by 26.
23
Suppose -2*w - 5*y + 1163 - 922 = 0, 28 = 4*y. What is the remainder when 153 is divided by w?
50
Suppose -h + 84 = 6*h. Suppose 37 = y - 3*d - 14, 4*d = -h. Calculate the remainder when y is divided by 15.
12
Let y(g) = 29*g**2 - 42*g - 154. Calculate the remainder when y(-4) is divided by 15.
13
Calculate the remainder when (21280/(-50))/(-5 - (-168)/35) is divided by 682.
82
Let z = -12953 + 13150. What is the remainder when 794 is divided by z?
6
Suppose 238 = -12*j + 1078. What is the remainder when 260 is divided by j?
50
Let h(o) = o**3 - 47*o**2 - 100*o + 161. What is the remainder when h(49) is divided by 36?
27
Suppose -2339 = -3*n + 2*d, 4*d - 2072 = -3*n + 261. What is the remainder when n is divided by 26?
25
Suppose -8*h + 3*h - 5*i = 0, 0 = -2*i - 8. Let g(t) = 5*t**2 + 2*t - 24. What is the remainder when g(h) is divided by 3?
1
Let v(x) = 54*x + 159. What is the remainder when v(3) is divided by 5?
1
Let z = -1017 + 1044. Calculate the remainder when 150 is divided by z.
15
Let r be (-30)/(-75) + (-166)/(-10). Suppose r = -c + 38. What is the remainder when c is divided by 11?
10
What is the remainder when 139 is divided by 30/(-27)*(-18 + 0)?
19
Let a = -1227 - -1380. Let r(p) = 23*p + 1. What is the remainder when a is divided by r(1)?
9
Suppose -4903 = 15*i + i - 20151. Calculate the remainder when i is divided by 311.
20
Let t = 15 - 85. What is the remainder when (752/(-10))/(28/t) is divided by 21?
20
Let t be 100 - (-16)/(6 - 2). Suppose -t = 4*k - 888. Suppose -6*d + 20*d - k = 0. What is the remainder when 53 is divided by d?
11
Suppose -2926 - 5930 = -12*u. Suppose u = 20*d - 1442. What is the remainder when d is divided by 14?
11
Let q = 249 + -451. Let l = q - -222. What is the remainder when 119 is divided by l?
19
Let j = 234 - 215. Let t be 5/10 - 6/(-4). Suppose -192 = -t*a - 2*a. What is the remainder when a is divided by j?
10
Let c = 10028 + -9260. Calculate the remainder when c is divided by 16.
0
Let w = -3 - -18. Suppose 14*f = 87 + 375. Calculate the remainder when f is divided by w.
3
Suppose -479*a = -404*a - 21375. What is the remainder when a is divided by 57?
0
Let k = -13 + 71. Let p(q) = -2*q**2 - 39*q + 11. What is the remainder when k is divided by p(-19)?
28
Suppose -4*r + 5*d